is n(8)?
-3
Let c(g) = -136*g - 4370. Determine c(-32).
-18
Let o(y) = 32*y + 993. Determine o(-31).
1
Let j(y) = -4*y**2 + 107*y - 637. Determine j(19).
-48
Let h(z) = -z**2 + 77*z - 909. Determine h(14).
-27
Let x(d) = d**3 + 13*d**2 + 10*d + 12. What is x(-12)?
36
Let u(n) = -n**2 + 39*n + 245. What is u(38)?
283
Let b(v) = -3*v**2 - 4*v - 36. Determine b(-6).
-120
Let x(y) = 13*y - 47. What is x(12)?
109
Let l(u) = 26*u + 100. What is l(-7)?
-82
Let o(v) = 2*v**3 - 124*v**2 + v - 105. Calculate o(62).
-43
Let n(w) = 2*w - 67. Calculate n(-12).
-91
Let h(u) = 65*u - 3237. Give h(50).
13
Let c(b) = -325*b - 7806. Determine c(-24).
-6
Let w(q) = q**2 + 27*q + 126. Calculate w(-11).
-50
Let r(h) = -5*h**3 - 3*h**2 - 3*h + 5. Give r(1).
-6
Let r(u) = -u**2 + u + 132. Determine r(12).
0
Let s(i) = i**3 + 8*i**2 - 151*i + 36. Give s(-17).
2
Let k(r) = -r**2 - 169*r - 826. Determine k(-5).
-6
Let n(i) = -77*i + 447. Calculate n(6).
-15
Let z(a) = a**2 - 25*a - 1248. Give z(50).
2
Let n(z) = -6*z**2 - 3*z. Calculate n(-3).
-45
Let u(o) = 16*o + 10. Determine u(-15).
-230
Let q(p) = p**3 + 55*p**2 - 650*p + 81. What is q(-65)?
81
Let t(c) = 715*c**2 - 2145*c - 3. Give t(3).
-3
Let i(r) = -65*r + 3762. Give i(58).
-8
Let l(r) = -1713*r - 13716. What is l(-8)?
-12
Let z(p) = -p**2 - 30*p - 382. Give z(-33).
-481
Let v(u) = 68*u - 3183. Give v(47).
13
Let h(c) = -69*c - 1784. Give h(-26).
10
Let l(o) = -185*o + 712. Determine l(3).
157
Let q(t) = -4*t - 114. Give q(20).
-194
Let c(f) = f**2 + 6*f - 42. Determine c(6).
30
Let k(g) = 1153*g + 26513. Determine k(-23).
-6
Let x(j) = 12*j**2 + 353*j + 1101. Determine x(-26).
35
Let n(p) = 7*p + 528. Calculate n(-68).
52
Let i(l) = -2*l**2 + 22*l + 20. Calculate i(18).
-232
Let r(j) = 9*j + 86. What is r(4)?
122
Let u(m) = -15*m**2 - 77*m - 10. Calculate u(-5).
0
Let m(o) = 97*o + 55. Give m(-2).
-139
Let y(b) = 131*b + 5372. Determine y(-41).
1
Let a(m) = -m**2 + 58*m - 280. Determine a(5).
-15
Let d(s) = s**2 - 13*s - 947. Calculate d(39).
67
Let k(h) = 2*h**3 - 144*h**2 - 965*h + 2277. Calculate k(78).
15
Let r(x) = -288*x + 3379. Calculate r(11).
211
Let b(c) = 3*c**3 - 10*c**2 - 7*c - 12. Give b(4).
-8
Let h(m) = -m**3 + 17*m**2 - 37*m - 48. What is h(14)?
22
Let q(m) = -17*m**2 - 1329*m - 140. Give q(-78).
94
Let i(b) = b**3 - 79*b**2 - 418*b - 165. What is i(84)?
3
Let g(l) = 2*l**3 + 39*l**2 - 55*l + 169. What is g(-21)?
1
Let b(s) = 29*s**3 + 18*s**2 + 23*s - 10. What is b(-2)?
-216
Let y(o) = -51*o - 881. Calculate y(-17).
-14
Let t(g) = -3*g**3 + 161*g**2 - 102*g - 224. Determine t(53).
-12
Let m(r) = r**2 - 389*r + 10762. Determine m(30).
-8
Let k(i) = -i**3 + 22*i**2 - 24*i + 12. Calculate k(20).
332
Let k(s) = 56*s**2 + 1180*s + 73. Give k(-21).
-11
Let s(c) = -28*c + 5777. Determine s(206).
9
Let y(l) = -l**2 + 9*l + 3560. Give y(-56).
-80
Let a(c) = 28*c**3 + 141*c**2 + 4*c - 10. Give a(-5).
-5
Let m(t) = 2*t**3 - 299*t**2 - 60*t - 13501. What is m(150)?
-1
Let i(d) = d**2 + 134*d + 4415. What is i(-58)?
7
Let p(t) = 7*t - 13. What is p(16)?
99
Let r(o) = -o**2 + 23*o - 7. Calculate r(23).
-7
Let x(j) = 4*j**2 + 102*j + 474. Give x(-6).
6
Let z(q) = 15*q**2 - 202*q + 18. Give z(13).
-73
Let j(k) = 91*k - 595. Give j(6).
-49
Let s(j) = -1451*j + 7242. What is s(5)?
-13
Let c(l) = -161*l - 692. What is c(-4)?
-48
Let q(y) = 30*y - 15. Give q(3).
75
Let x(k) = k**3 - 48*k**2 - 15*k - 467. Give x(48).
-1187
Let s(d) = 2*d**3 + 2*d**2 - 28*d + 12. Give s(3).
0
Let q(y) = -5*y**2 + y - 7. Calculate q(6).
-181
Let x(r) = -r**2 - 272*r + 3. Determine x(0).
3
Let u(b) = b**2 + b - 7. Give u(2).
-1
Let z(s) = s**2 - 164*s - 96968. What is z(404)?
-8
Let d(f) = -1610*f + 9647. Calculate d(6).
-13
Let q(k) = k**3 + 60*k**2 + 7*k + 56. Determine q(-60).
-364
Let g(x) = -2*x**2 - x + 319. Give g(-13).
-6
Let c(t) = 37*t + 844. Give c(-23).
-7
Let i(u) = u**2 - 70*u + 1043. Calculate i(21).
14
Let a(k) = -k**2 - 20*k + 586. Give a(-37).
-43
Let k(u) = -94*u - 18. Calculate k(3).
-300
Let o(t) = -368*t + 39. Determine o(0).
39
Let w(f) = -176*f - 31. What is w(-3)?
497
Let l(a) = -a**3 + 19*a**2 - 15*a + 121. What is l(19)?
-164
Let q(t) = -128*t - 8188. Give q(-64).
4
Let m(q) = q**3 + 22*q**2 + 20*q - 23. What is m(-20)?
377
Let t(l) = 3*l**2 - 14*l - 38. Calculate t(8).
42
Let k(p) = -3*p**2 + 157*p - 985. Give k(45).
5
Let u(q) = 58*q + 1793. Give u(-29).
111
Let x(j) = -62*j + 2. Determine x(-1).
64
Let u(x) = -44*x**2 - 5*x - 11. Give u(-3).
-392
Let o(r) = -r**2 - 7*r + 6. Determine o(-5).
16
Let u(j) = -5*j**3 + 2*j**2 + 9*j + 14. Calculate u(3).
-76
Let j(g) = g**3 + 146*g**2 - 610*g - 1517. Calculate j(-150).
-17
Let q(t) = -6*t - 117. Give q(22).
-249
Let t(o) = -3*o**3 + 20*o**2 + 66*o. What is t(-4)?
248
Let y(q) = 7*q**2 + 13*q. Calculate y(-3).
24
Let n(u) = -79*u - 1. What is n(-2)?
157
Let a(u) = 47*u - 2318. Determine a(48).
-62
Let s(f) = 44*f**2 + 229*f - 6. Determine s(-5).
-51
Let r(h) = 394*h + 4. Determine r(-1).
-390
Let s(l) = -67*l + 288. Determine s(5).
-47
Let k(g) = -2*g**3 + 72*g**2 - 22*g + 839. Calculate k(36).
47
Let d(k) = -509*k - 78891. Give d(-155).
4
Let b(a) = -a**2 - 16*a - 10. What is b(-6)?
50
Let n(g) = 2*g**3 - 8*g**2 + 24*g - 74. What is n(4)?
22
Let n(m) = 16*m**2 + 126*m - 765. What is n(4)?
-5
Let i(o) = 191*o + 5166. Determine i(-27).
9
Let u(n) = n**3 + 4*n**2 + 7. Give u(-5).
-18
Let z(l) = -198*l - 885. What is z(-5)?
105
Let y(m) = 2*m**2 - 28*m + 25. Calculate y(14).
25
Let a(z) = -18*z**3 + 4*z**2 + 40*z - 44. Determine a(1).
-18
Let b(g) = 3*g**3 + 6*g**2 - 7*g - 26. Determine b(-3).
-32
Let x(c) = c**2 + 16*c - 345. Determine x(-28).
-9
Let g(r) = -12*r - 220. Determine g(-34).
188
Let c(f) = f**3 - 4*f**2 - 8*f + 13. What is c(3)?
-20
Let c(x) = 7*x + 267. Calculate c(-6).
225
Let b(a) = 8*a - 51. Determine b(2).
-35
Let p(x) = -2*x**2 + 5537*x + 83509. Determine p(-15).
4
Let c(l) = -4*l - 141. Determine c(-22).
-53
Let f(y) = -2*y**2 + 62*y - 230. What is f(26)?
30
Let b(q) = -23*q**2 - 18*q - 34. Calculate b(-2).
-90
Let y(i) = 18*i**3 - 2*i**2 + 6*i - 4. Determine y(1).
18
Let t(p) = -21*p**2 - 2372*p + 121. What is t(-113)?
8
Let c(h) = -h**2 + 23*h - 129. Give c(5).
-39
Let p(c) = c**2 - c + 13. Calculate p(7).
55
Let f(k) = 2*k**3 + 300*k**2 + 3562*k + 4. Calculate f(-137).
4
Let y(c) = 499*c + 36404. Determine y(-73).
-23
Let g(n) = n**3 + 42*n**2 + 439*n + 20. What is g(-22)?
42
Let a(f) = -2*f**2 + 21*f - 8. Give a(9).
19
Let s(c) = 14*c**2 - 1654*c + 193. Calculate s(118).
-43
Let d(o) = -o**3 - 42*o**2 - 422*o + 175. Determine d(-18).
-5
Let r(y) = -4*y**2 - 338*y - 163. Give r(-84).
5
Let y(p) = 1959*p - 13730. Calculate y(7).
-17
Let v(k) = -5*k**2 + 62*k + 37. Give v(13).
-2
Let r(m) = 199*m + 1990. Determine r(-10).
0
Let v(j) = -j**2 + 39*j - 161. Give v(34).
9
Let m(o) = -2376*o - 33263. Give m(-14).
1
Let g(j) = -1066*j + 5333. Determine g(5).
3
Let r(i) = -2*i**3 + 53*i**2 - 124*i + 71. Give r(24).
-25
Let m(a) = 23*a - 109. Determine m(19).
328
Let f(p) = p**3 - 13*p**2 + 28*p - 63. What is f(11)?
3
Let v(l) = -393*l + 28294. What is v(72)?
-2
Let l(d) = 1169*d + 2348. Calculate l(-2).
10
Let b(x) = x**2 + 86*x + 910. Determine b(-12).
22
Let c(i) = i**2 + 99*i - 1829. Calculate c(16).
11
Let h(x) = -24*x + 319. What is h(-8)?
511
Let c(q) = -1222*q + 8591. Determine c(7).
37
Let c(a) = 68*a - 82. Give c(1).
-14
Let h(v) = v**3 - 16*v**2 - 118*v + 277. What is h(21)?
4
Let c(z) = -207*z + 425. What is c(2)?
11
Let o(m) = 467*m - 3192. What is o(7)?
77
Let w(f) = 180*f + 11714. Determine w(-65).
14
Let l(j) = -53*j + 206. Give l(15).
-589
Let o(w) = w**3 - 14*w**2 - 14*w + 3. Calculate o(14).
-193
Let m(r) = r**3 + 2*r**2 + 20*r - 49. Calculate m(6).
359
Let j(g) = 92*g + 74. Determine j(5).
534
Let d(o) = -25*o**3 - 13*o**2 - 4*o - 1. Give d(-1).
15
Let c(p) = -63*p + 2010. Calculate c(32).
-6
Let s(w) = 16*w**2 + 3*w - 13. What is s(4)?
255
Let z(i) = 2*i**2 + 47*i - 703. Calculate z(12).
149
Let h(x) = x**3 - 18*x**2 + 41*x - 15. What is h(15)?
-75
Let o(n) = -2*n**2 - 51*n - 170. Give o(-22).
-16
Let t(u) = 31*u - 1371. What is t(44)?
-7
Let a(l) = -9*l**2 - 35*l + 71. Give a(2).
-35
Let y(h) = -4*h**2 - 21*h - 1. Give y(